{"id":74,"date":"2024-09-03T12:59:39","date_gmt":"2024-09-03T12:59:39","guid":{"rendered":"http:\/\/localhost:8080\/?page_id=74"},"modified":"2025-01-02T11:14:18","modified_gmt":"2025-01-02T11:14:18","slug":"impressum","status":"publish","type":"page","link":"https:\/\/herrenhaus-ahrensburg.de\/?page_id=74","title":{"rendered":"Impressum"},"content":{"rendered":"<p>&nbsp;<\/p>\n<div class=\"page-wrap\"><noscript class=\"noscript-main\"><br \/>\n&lt;div class=&#8221;alert is&#8211;warning&#8221;&gt;<br \/>\n&lt;div class=&#8221;alert&#8211;icon&#8221;&gt;<br \/>\n&lt;i class=&#8221;icon&#8211;element icon&#8211;warning&#8221;&gt;&lt;\/i&gt;<br \/>\n&lt;\/div&gt;<br \/>\n&lt;div class=&#8221;alert&#8211;content&#8221;&gt;<br \/>\nUm Herrenhaus&amp;#x20;Ahrensburg in vollem Umfang nutzen zu k&amp;ouml;nnen, empfehlen wir Ihnen Javascript in Ihrem Browser zu aktiveren.<br \/>\n&lt;\/div&gt;<br \/>\n&lt;\/div&gt;<br \/>\n<\/noscript><\/p>\n<section class=\"content-main container block-group\">\n<div class=\"content-main--inner\">\n<div class=\"content--wrapper\">\n<div class=\"custom-page--content content block\">\n<div class=\"content--custom container\">\n<h1 class=\"custom-page--tab-headline\" style=\"font-size: 30px; font-weight: 400; text-transform: uppercase;\">Impressum<\/h1>\n<p style=\"font-size: 13px; font-weight: 400;\"><strong>Angaben gem\u00e4\u00df \u00a7 5 TMG:<\/strong><\/p>\n<p><\/br><\/p>\n<p style=\"font-size: 13px; font-weight: 400;\">Sven Leya | Inhaber<br \/>\nHagener Allee 15<br \/>\n22926 Ahrensburg<\/p>\n<p><\/br><\/p>\n<p style=\"font-size: 13px; font-weight: 400;\">\n<p style=\"font-size: 13px; font-weight: 400;\"><strong>Kontakt:<\/strong><\/p>\n<p><\/br><\/p>\n<p style=\"font-size: 13px; font-weight: 400;\">Telefon: +49 (0) 4102 \/ 498 53 37<br \/>\nTelefax: +49 (0) 4102 \/ 498 53 38<br \/>\nE-Mail:\u00a0<a title=\"Zur E-Mail Adresse \" href=\"mailto:info@herrenhaus-ahrensburg.de\">info@herrenhaus-ahrensburg.de<\/a><br \/>\n<a title=\"Zur Startseite\" href=\"https:\/\/www.herrenhaus-ahrensburg.de\">www.herrenhaus-ahrensburg.de<\/a><\/p>\n<p style=\"font-size: 13px; font-weight: 400;\">\n<p><\/br><\/p>\n<p style=\"font-size: 13px; font-weight: 400;\">Umsatzsteuer-ID: DE304981319<\/p>\n<p><\/br><\/p>\n<p style=\"font-size: 13px; font-weight: 400;\"><strong>Verantwortlich f\u00fcr den Inhalt nach \u00a7 55 Abs. 2 RStV:<\/strong><\/p>\n<p><\/br><\/p>\n<p style=\"font-size: 13px; font-weight: 400;\">Herrenhaus Ahrensburg<br \/>\nSven Leya<br \/>\nHagener Allee 15<br \/>\n22926 Ahrensburg<\/p>\n<p><\/br><\/p>\n<p style=\"font-size: 13px; font-weight: 400;\">\n<p style=\"font-size: 13px; font-weight: 400;\">\n<p style=\"font-size: 13px; font-weight: 400;\"><strong>Website-Design und Konzept\u00a0<\/strong><br \/>\nJulica Jessen Art Direction<\/p>\n<p style=\"font-size: 13px; font-weight: 400;\"><a title=\"Website-Design und Konzept\" href=\"http:\/\/www.julicajessen.com\" target=\"_blank\" rel=\"nofollow noopener\">julicajessen.com<\/a><\/p>\n<p style=\"font-size: 13px; font-weight: 400;\">\n<p><\/br><\/p>\n<p style=\"font-size: 13px; font-weight: 400;\"><strong>Projektmanagement, Technische Implementierung und Betrieb:<\/strong><\/p>\n<p style=\"font-size: 13px; font-weight: 400;\"><strong>binaroo technologies GmbH<\/strong><\/p>\n<p><\/br><\/p>\n<p style=\"font-size: 13px; font-weight: 400;\">\n<p style=\"font-size: 13px; font-weight: 400;\"><a title=\"binaroo-technologies-gmbh - Projektmanagement, technische Implementierung und Betrieb\" href=\"https:\/\/www.binaroo.com\" target=\"_blank\" rel=\"nofollow noopener\"><img decoding=\"async\" id=\"tinymce-editor-image-5b845b17-273b-47ae-9718-833998e9e95f\" class=\"tinymce-editor-image tinymce-editor-image-5b845b17-273b-47ae-9718-833998e9e95f\" style=\"display: block; margin-left: auto; margin-right: auto; width:20%; height:20%;\" src=\"\/wp-content\/uploads\/2024\/10\/binaroo.png\" alt=\"binaroo-technologies-gmbh - Projektmanagement, technische Implementierung und Betrieb\" data-src=\"media\/image\/binaroo.png\" \/><\/a><\/p>\n<p style=\"font-size: 13px; font-weight: 400;\">\n<p style=\"font-size: 13px; font-weight: 400;\">\n<p><\/br><br \/><\/br><\/p>\n<p style=\"font-size: 13px; font-weight: 400;\">Der Nutzung von im Rahmen der Impressumspflicht ver\u00f6ffentlichten Kontaktdaten durch Dritte zur \u00dcbersendung von nicht ausdr\u00fccklich angeforderter Werbung und Informationsmaterialien wird hiermit ausdr\u00fccklich widersprochen. Die Betreiber der Seiten behalten sich ausdr\u00fccklich rechtliche Schritte im Falle der unverlangten Zusendung von Werbeinformationen, etwa durch Spam-Mails, vor.<\/p>\n<p style=\"font-size: 13px; font-weight: 400;\">\n<\/div>\n<\/div>\n<\/div>\n<div id=\"cookie-consent\" class=\"off-canvas is--left\" data-cookie-consent-manager=\"true\">\n<div class=\"cookie-consent--header cookie-consent--close\">Cookie-Einstellungen<br \/>\n<i class=\"icon--arrow-right\"><\/i><\/div>\n<div class=\"cookie-consent--description\">Diese Website benutzt Cookies, die f\u00fcr den technischen Betrieb der Website erforderlich sind und stets gesetzt werden. Andere Cookies, die den Komfort bei Benutzung dieser Website erh\u00f6hen, der Direktwerbung dienen oder die Interaktion mit anderen Websites und sozialen Netzwerken vereinfachen sollen, werden nur mit Ihrer Zustimmung gesetzt.<\/div>\n<\/div>\n<div class=\"last-seen-products is--hidden\" data-last-seen-products=\"true\">\n<div class=\"last-seen-products--title\">Zuletzt angesehen<\/div>\n<div class=\"last-seen-products--slider product-slider\" data-product-slider=\"true\">\n<div class=\"last-seen-products--container product-slider--container is--horizontal\"><\/div>\n<\/div>\n<\/div>\n<\/div>\n<\/section>\n<\/div>\n<div class=\"page-wrap--cookie-permission is--hidden\" data-cookie-permission=\"true\" data-urlprefix=\"https:\/\/www.herrenhaus-ahrensburg.de\/\" data-title=\"Cookie-Richtlinien\" data-shopid=\"1\">\n<div class=\"cookie-removal--container\">\n<p>Diese Website verwendet Cookies, um Ihnen die bestm\u00f6gliche Funktionalit\u00e4t bieten zu k\u00f6nnen. Wenn Sie damit nicht einverstanden sein sollten, stehen Ihnen folgende Funktionen nicht zur Verf\u00fcgung:<\/p>\n<ul class=\"cookie-removal--list\">\n<li>Artikel in den Warenkorb legen<\/li>\n<li>Merkzettel<\/li>\n<li>Artikelempfehlungen und vieles mehr<\/li>\n<\/ul>\n<div class=\"cookie-removal--footer\">\n<div class=\"cookie-removal--buttons\"><a class=\"btn is--secondary cookie-permission--accept-button is--center\">Einverstanden<\/a><br \/>\n<a class=\"btn cookie-permission--close-button is--center\">Schlie\u00dfen<\/a><\/div>\n<\/div>\n<\/div>\n<\/div>\n<p><script type=\"text\/javascript\" id=\"footer--js-inline\"><br \/>\nvar timeNow = 1725869107;<br \/>\nvar asyncCallbacks = [];<br \/>\ndocument.asyncReady = function (callback) {<br \/>\nasyncCallbacks.push(callback);<br \/>\n};<br \/>\nvar controller = controller || {\"vat_check_enabled\":\"\",\"vat_check_required\":\"\",\"register\":\"https:\\\/\\\/www.herrenhaus-ahrensburg.de\\\/register\",\"checkout\":\"https:\\\/\\\/www.herrenhaus-ahrensburg.de\\\/checkout\",\"ajax_search\":\"https:\\\/\\\/www.herrenhaus-ahrensburg.de\\\/ajax_search\",\"ajax_cart\":\"https:\\\/\\\/www.herrenhaus-ahrensburg.de\\\/checkout\\\/ajaxCart\",\"ajax_validate\":\"https:\\\/\\\/www.herrenhaus-ahrensburg.de\\\/register\",\"ajax_add_article\":\"https:\\\/\\\/www.herrenhaus-ahrensburg.de\\\/checkout\\\/addArticle\",\"ajax_listing\":\"\\\/widgets\\\/Listing\\\/ajaxListing\",\"ajax_cart_refresh\":\"https:\\\/\\\/www.herrenhaus-ahrensburg.de\\\/checkout\\\/ajaxAmount\",\"ajax_address_selection\":\"https:\\\/\\\/www.herrenhaus-ahrensburg.de\\\/address\\\/ajaxSelection\",\"ajax_address_editor\":\"https:\\\/\\\/www.herrenhaus-ahrensburg.de\\\/address\\\/ajaxEditor\"};<br \/>\nvar snippets = snippets || { \"noCookiesNotice\": \"Es wurde festgestellt, dass Cookies in Ihrem Browser deaktiviert sind. Um Herrenhaus\\x20Ahrensburg in vollem Umfang nutzen zu k\\u00f6nnen, empfehlen wir Ihnen, Cookies in Ihrem Browser zu aktiveren.\" };<br \/>\nvar themeConfig = themeConfig || {\"offcanvasOverlayPage\":true};<br \/>\nvar lastSeenProductsConfig = lastSeenProductsConfig || {\"baseUrl\":\"\",\"shopId\":1,\"noPicture\":\"\\\/themes\\\/Frontend\\\/Responsive\\\/frontend\\\/_public\\\/src\\\/img\\\/no-picture.jpg\",\"productLimit\":\"5\",\"currentArticle\":\"\"};<br \/>\nvar csrfConfig = csrfConfig || {\"generateUrl\":\"\\\/csrftoken\",\"basePath\":\"\",\"shopId\":1};<br \/>\nvar statisticDevices = [<br \/>\n{ device: 'mobile', enter: 0, exit: 767 },<br \/>\n{ device: 'tablet', enter: 768, exit: 1259 },<br \/>\n{ device: 'desktop', enter: 1260, exit: 5160 }<br \/>\n];<br \/>\nvar cookieRemoval = cookieRemoval || 2;<br \/>\n<\/script><br \/>\n<script type=\"text\/javascript\"><br \/>\nvar datePickerGlobalConfig = datePickerGlobalConfig || {<br \/>\nlocale: {<br \/>\nweekdays: {<br \/>\nshorthand: ['So', 'Mo', 'Di', 'Mi', 'Do', 'Fr', 'Sa'],<br \/>\nlonghand: ['Sonntag', 'Montag', 'Dienstag', 'Mittwoch', 'Donnerstag', 'Freitag', 'Samstag']<br \/>\n},<br \/>\nmonths: {<br \/>\nshorthand: ['Jan', 'Feb', 'M\u00e4r', 'Apr', 'Mai', 'Jun', 'Jul', 'Aug', 'Sep', 'Okt', 'Nov', 'Dez'],<br \/>\nlonghand: ['Januar', 'Februar', 'M\u00e4rz', 'April', 'Mai', 'Juni', 'Juli', 'August', 'September', 'Oktober', 'November', 'Dezember']<br \/>\n},<br \/>\nfirstDayOfWeek: 1,<br \/>\nweekAbbreviation: 'KW',<br \/>\nrangeSeparator: ' bis ',<br \/>\nscrollTitle: 'Zum Wechseln scrollen',<br \/>\ntoggleTitle: 'Zum \u00d6ffnen klicken',<br \/>\ndaysInMonth: [31, 28, 31, 30, 31, 30, 31, 31, 30, 31, 30, 31]<br \/>\n},<br \/>\ndateFormat: 'Y-m-d',<br \/>\ntimeFormat: ' H:i:S',<br \/>\naltFormat: 'j. F Y',<br \/>\naltTimeFormat: ' - H:i'<br \/>\n};<br \/>\n<\/script><br \/>\n<iframe loading=\"lazy\" id=\"refresh-statistics\" style=\"display: none;\" src=\"\/widgets\/index\/refreshStatistic?requestPage=%2Fimpressum&amp;requestController=custom\" width=\"0\" height=\"0\"><\/iframe><br \/>\n<script type=\"text\/javascript\"><br \/>\n\/**<br \/>\n* @returns { boolean }<br \/>\n*\/<br \/>\nfunction hasCookiesAllowed () {<br \/>\nif (window.cookieRemoval === 0) {<br \/>\nreturn true;<br \/>\n}<br \/>\nif (window.cookieRemoval === 1) {<br \/>\nif (document.cookie.indexOf('cookiePreferences') !== -1) {<br \/>\nreturn true;<br \/>\n}<br \/>\nreturn document.cookie.indexOf('cookieDeclined') === -1;<br \/>\n}<br \/>\n\/\/ Must be cookieRemoval = 2, so only depends on existence of `allowCookie`<br \/>\nreturn document.cookie.indexOf('allowCookie') !== -1;<br \/>\n}<br \/>\n\/**<br \/>\n* @returns { boolean }<br \/>\n*\/<br \/>\nfunction isDeviceCookieAllowed () {<br \/>\nvar cookiesAllowed = hasCookiesAllowed();<br \/>\nif (window.cookieRemoval !== 1) {<br \/>\nreturn cookiesAllowed;<br \/>\n}<br \/>\nreturn cookiesAllowed && document.cookie.indexOf('\"name\":\"x-ua-device\",\"active\":true') !== -1;<br \/>\n}<br \/>\n(function(window, document) {<br \/>\nvar par = document.location.search.match(\/sPartner=([^&])+\/g),<br \/>\npid = (par && par[0]) ? par[0].substring(9) : null,<br \/>\ncur = document.location.protocol + '\/\/' + document.location.host,<br \/>\nref = document.referrer.indexOf(cur) === -1 ? document.referrer : null,<br \/>\nurl = \"\/widgets\/index\/refreshStatistic\",<br \/>\npth = document.location.pathname.replace(\"https:\/\/www.herrenhaus-ahrensburg.de\/\", \"\/\");<br \/>\nurl += url.indexOf('?') === -1 ? '?' : '&';<br \/>\nurl += 'requestPage=' + encodeURIComponent(pth);<br \/>\nurl += '&requestController=' + encodeURI(\"custom\");<br \/>\nif(pid) { url += '&partner=' + pid; }<br \/>\nif(ref) { url += '&referer=' + encodeURIComponent(ref); }<br \/>\nif (isDeviceCookieAllowed()) {<br \/>\nvar i = 0,<br \/>\ndevice = 'desktop',<br \/>\nwidth = window.innerWidth,<br \/>\nbreakpoints = window.statisticDevices;<br \/>\nif (typeof width !== 'number') {<br \/>\nwidth = (document.documentElement.clientWidth !== 0) ? document.documentElement.clientWidth : document.body.clientWidth;<br \/>\n}<br \/>\nfor (; i < breakpoints.length; i++) {\nif (width >= ~~(breakpoints[i].enter) && width <= ~~(breakpoints[i].exit)) {\ndevice = breakpoints[i].device;\n}\n}\ndocument.cookie = 'x-ua-device=' + device + '; path=\/';\n}\ndocument\n.getElementById('refresh-statistics')\n.src = url;\n})(window, document);\n<\/script><br \/>\n<script async=\"\" src=\"\/web\/cache\/1646230923_be24062c4c87d1ebc9abb981d0b2d3c0.js\" id=\"main-script\"><\/script><br \/>\n<script type=\"text\/javascript\"><br \/>\n\/\/ Wrap the replacement code into a function to call it from the outside to replace the method when necessary<br \/>\nvar replaceAsyncReady = window.replaceAsyncReady = function() {<br \/>\ndocument.asyncReady = function (callback) {<br \/>\nif (typeof callback === 'function') {<br \/>\nwindow.setTimeout(callback.apply(document), 0);<br \/>\n}<br \/>\n};<br \/>\n};<br \/>\ndocument.getElementById('main-script').addEventListener('load', function() {<br \/>\nif (!asyncCallbacks) {<br \/>\nreturn false;<br \/>\n}<br \/>\nfor (var i = 0; i < asyncCallbacks.length; i++) {\nif (typeof asyncCallbacks[i] === 'function') {\nasyncCallbacks[i].call(document);\n}\n}\nreplaceAsyncReady();\n});\n<\/script><\/p>\n<p>&nbsp;<\/p>\n","protected":false},"excerpt":{"rendered":"<p>&nbsp; &lt;div class=&#8221;alert is&#8211;warning&#8221;&gt; &lt;div class=&#8221;alert&#8211;icon&#8221;&gt; &lt;i class=&#8221;icon&#8211;element icon&#8211;warning&#8221;&gt;&lt;\/i&gt; &lt;\/div&gt; &lt;div class=&#8221;alert&#8211;content&#8221;&gt; Um Herrenhaus&amp;#x20;Ahrensburg in vollem Umfang nutzen zu k&amp;ouml;nnen, empfehlen wir Ihnen Javascript in Ihrem Browser zu aktiveren. &lt;\/div&gt; &lt;\/div&gt; Impressum Angaben gem\u00e4\u00df \u00a7 5 TMG: Sven Leya | Inhaber Hagener Allee 15 22926 Ahrensburg Kontakt: Telefon: +49 (0) 4102 \/ 498 53 37 [&hellip;]<\/p>\n","protected":false},"author":1,"featured_media":0,"parent":0,"menu_order":0,"comment_status":"closed","ping_status":"closed","template":"","meta":{"footnotes":""},"class_list":["post-74","page","type-page","status-publish","hentry"],"blocksy_meta":{"has_hero_section":"disabled","styles_descriptor":{"styles":{"desktop":"","tablet":"","mobile":""},"google_fonts":[],"version":6},"page_structure_type":"default","content_style_source":"inherit","vertical_spacing_source":"inherit","content_area_spacing":"none","content_style":{"desktop":"boxed","tablet":"boxed","mobile":"boxed"},"boxed_content_spacing":{"desktop":{"state":2,"values":[{"value":"40","unit":"px"},{"value":40,"unit":"px"},{"value":"40","unit":"px"},{"value":40,"unit":"px"}],"custom":""},"tablet":{"state":2,"values":[{"value":"40","unit":"px"},{"value":40,"unit":"px"},{"value":"40","unit":"px"},{"value":40,"unit":"px"}],"custom":""},"mobile":{"state":2,"values":[{"value":"40","unit":"px"},{"value":40,"unit":"px"},{"value":"40","unit":"px"},{"value":40,"unit":"px"}],"custom":""}}},"yoast_head":"<!-- This site is optimized with the Yoast SEO plugin v26.2 - https:\/\/yoast.com\/wordpress\/plugins\/seo\/ -->\n<title>Impressum - Herrenhaus-Ahrensburg<\/title>\n<meta name=\"robots\" content=\"index, follow, max-snippet:-1, max-image-preview:large, max-video-preview:-1\" \/>\n<link rel=\"canonical\" href=\"https:\/\/herrenhaus-ahrensburg.de\/?page_id=74\" \/>\n<meta property=\"og:locale\" content=\"en_US\" \/>\n<meta property=\"og:type\" content=\"article\" \/>\n<meta property=\"og:title\" content=\"Impressum - Herrenhaus-Ahrensburg\" \/>\n<meta property=\"og:description\" content=\"&nbsp; &lt;div class=&#8221;alert is&#8211;warning&#8221;&gt; &lt;div class=&#8221;alert&#8211;icon&#8221;&gt; &lt;i class=&#8221;icon&#8211;element icon&#8211;warning&#8221;&gt;&lt;\/i&gt; &lt;\/div&gt; &lt;div class=&#8221;alert&#8211;content&#8221;&gt; Um Herrenhaus&amp;#x20;Ahrensburg in vollem Umfang nutzen zu k&amp;ouml;nnen, empfehlen wir Ihnen Javascript in Ihrem Browser zu aktiveren. &lt;\/div&gt; &lt;\/div&gt; Impressum Angaben gem\u00e4\u00df \u00a7 5 TMG: Sven Leya | Inhaber Hagener Allee 15 22926 Ahrensburg Kontakt: Telefon: +49 (0) 4102 \/ 498 53 37 [&hellip;]\" \/>\n<meta property=\"og:url\" content=\"https:\/\/herrenhaus-ahrensburg.de\/?page_id=74\" \/>\n<meta property=\"og:site_name\" content=\"Herrenhaus-Ahrensburg\" \/>\n<meta property=\"article:publisher\" content=\"https:\/\/www.facebook.com\/herrenhausahrensburg\/photos\/?_rdr\" \/>\n<meta property=\"article:modified_time\" content=\"2025-01-02T11:14:18+00:00\" \/>\n<meta property=\"og:image\" content=\"https:\/\/herrenhaus-ahrensburg.de\/wp-content\/uploads\/2024\/09\/herrenhaus-logo.png\" \/>\n\t<meta property=\"og:image:width\" content=\"280\" \/>\n\t<meta property=\"og:image:height\" content=\"134\" \/>\n\t<meta property=\"og:image:type\" content=\"image\/png\" \/>\n<meta name=\"twitter:card\" content=\"summary_large_image\" \/>\n<meta name=\"twitter:label1\" content=\"Est. reading time\" \/>\n\t<meta name=\"twitter:data1\" content=\"1 minute\" \/>\n<script type=\"application\/ld+json\" class=\"yoast-schema-graph\">{\"@context\":\"https:\/\/schema.org\",\"@graph\":[{\"@type\":\"WebPage\",\"@id\":\"https:\/\/herrenhaus-ahrensburg.de\/?page_id=74\",\"url\":\"https:\/\/herrenhaus-ahrensburg.de\/?page_id=74\",\"name\":\"Impressum - Herrenhaus-Ahrensburg\",\"isPartOf\":{\"@id\":\"https:\/\/herrenhaus-ahrensburg.de\/#website\"},\"datePublished\":\"2024-09-03T12:59:39+00:00\",\"dateModified\":\"2025-01-02T11:14:18+00:00\",\"breadcrumb\":{\"@id\":\"https:\/\/herrenhaus-ahrensburg.de\/?page_id=74#breadcrumb\"},\"inLanguage\":\"en-US\",\"potentialAction\":[{\"@type\":\"ReadAction\",\"target\":[\"https:\/\/herrenhaus-ahrensburg.de\/?page_id=74\"]}]},{\"@type\":\"BreadcrumbList\",\"@id\":\"https:\/\/herrenhaus-ahrensburg.de\/?page_id=74#breadcrumb\",\"itemListElement\":[{\"@type\":\"ListItem\",\"position\":1,\"name\":\"Home\",\"item\":\"https:\/\/herrenhaus-ahrensburg.de\/\"},{\"@type\":\"ListItem\",\"position\":2,\"name\":\"Impressum\"}]},{\"@type\":\"WebSite\",\"@id\":\"https:\/\/herrenhaus-ahrensburg.de\/#website\",\"url\":\"https:\/\/herrenhaus-ahrensburg.de\/\",\"name\":\"Herrenhaus-Ahrensburg\",\"description\":\"\",\"publisher\":{\"@id\":\"https:\/\/herrenhaus-ahrensburg.de\/#organization\"},\"potentialAction\":[{\"@type\":\"SearchAction\",\"target\":{\"@type\":\"EntryPoint\",\"urlTemplate\":\"https:\/\/herrenhaus-ahrensburg.de\/?s={search_term_string}\"},\"query-input\":{\"@type\":\"PropertyValueSpecification\",\"valueRequired\":true,\"valueName\":\"search_term_string\"}}],\"inLanguage\":\"en-US\"},{\"@type\":\"Organization\",\"@id\":\"https:\/\/herrenhaus-ahrensburg.de\/#organization\",\"name\":\"Herrenhaus-Ahrensburg\",\"url\":\"https:\/\/herrenhaus-ahrensburg.de\/\",\"logo\":{\"@type\":\"ImageObject\",\"inLanguage\":\"en-US\",\"@id\":\"https:\/\/herrenhaus-ahrensburg.de\/#\/schema\/logo\/image\/\",\"url\":\"https:\/\/herrenhaus-ahrensburg.de\/wp-content\/uploads\/2024\/09\/herrenhaus-logo-1.png\",\"contentUrl\":\"https:\/\/herrenhaus-ahrensburg.de\/wp-content\/uploads\/2024\/09\/herrenhaus-logo-1.png\",\"width\":80,\"height\":70,\"caption\":\"Herrenhaus-Ahrensburg\"},\"image\":{\"@id\":\"https:\/\/herrenhaus-ahrensburg.de\/#\/schema\/logo\/image\/\"},\"sameAs\":[\"https:\/\/www.facebook.com\/herrenhausahrensburg\/photos\/?_rdr\",\"https:\/\/www.instagram.com\/herrenhausahrensburg\/?hl=de\"]}]}<\/script>\n<!-- \/ Yoast SEO plugin. -->","yoast_head_json":{"title":"Impressum - Herrenhaus-Ahrensburg","robots":{"index":"index","follow":"follow","max-snippet":"max-snippet:-1","max-image-preview":"max-image-preview:large","max-video-preview":"max-video-preview:-1"},"canonical":"https:\/\/herrenhaus-ahrensburg.de\/?page_id=74","og_locale":"en_US","og_type":"article","og_title":"Impressum - Herrenhaus-Ahrensburg","og_description":"&nbsp; &lt;div class=&#8221;alert is&#8211;warning&#8221;&gt; &lt;div class=&#8221;alert&#8211;icon&#8221;&gt; &lt;i class=&#8221;icon&#8211;element icon&#8211;warning&#8221;&gt;&lt;\/i&gt; &lt;\/div&gt; &lt;div class=&#8221;alert&#8211;content&#8221;&gt; Um Herrenhaus&amp;#x20;Ahrensburg in vollem Umfang nutzen zu k&amp;ouml;nnen, empfehlen wir Ihnen Javascript in Ihrem Browser zu aktiveren. &lt;\/div&gt; &lt;\/div&gt; Impressum Angaben gem\u00e4\u00df \u00a7 5 TMG: Sven Leya | Inhaber Hagener Allee 15 22926 Ahrensburg Kontakt: Telefon: +49 (0) 4102 \/ 498 53 37 [&hellip;]","og_url":"https:\/\/herrenhaus-ahrensburg.de\/?page_id=74","og_site_name":"Herrenhaus-Ahrensburg","article_publisher":"https:\/\/www.facebook.com\/herrenhausahrensburg\/photos\/?_rdr","article_modified_time":"2025-01-02T11:14:18+00:00","og_image":[{"width":280,"height":134,"url":"https:\/\/herrenhaus-ahrensburg.de\/wp-content\/uploads\/2024\/09\/herrenhaus-logo.png","type":"image\/png"}],"twitter_card":"summary_large_image","twitter_misc":{"Est. reading time":"1 minute"},"schema":{"@context":"https:\/\/schema.org","@graph":[{"@type":"WebPage","@id":"https:\/\/herrenhaus-ahrensburg.de\/?page_id=74","url":"https:\/\/herrenhaus-ahrensburg.de\/?page_id=74","name":"Impressum - Herrenhaus-Ahrensburg","isPartOf":{"@id":"https:\/\/herrenhaus-ahrensburg.de\/#website"},"datePublished":"2024-09-03T12:59:39+00:00","dateModified":"2025-01-02T11:14:18+00:00","breadcrumb":{"@id":"https:\/\/herrenhaus-ahrensburg.de\/?page_id=74#breadcrumb"},"inLanguage":"en-US","potentialAction":[{"@type":"ReadAction","target":["https:\/\/herrenhaus-ahrensburg.de\/?page_id=74"]}]},{"@type":"BreadcrumbList","@id":"https:\/\/herrenhaus-ahrensburg.de\/?page_id=74#breadcrumb","itemListElement":[{"@type":"ListItem","position":1,"name":"Home","item":"https:\/\/herrenhaus-ahrensburg.de\/"},{"@type":"ListItem","position":2,"name":"Impressum"}]},{"@type":"WebSite","@id":"https:\/\/herrenhaus-ahrensburg.de\/#website","url":"https:\/\/herrenhaus-ahrensburg.de\/","name":"Herrenhaus-Ahrensburg","description":"","publisher":{"@id":"https:\/\/herrenhaus-ahrensburg.de\/#organization"},"potentialAction":[{"@type":"SearchAction","target":{"@type":"EntryPoint","urlTemplate":"https:\/\/herrenhaus-ahrensburg.de\/?s={search_term_string}"},"query-input":{"@type":"PropertyValueSpecification","valueRequired":true,"valueName":"search_term_string"}}],"inLanguage":"en-US"},{"@type":"Organization","@id":"https:\/\/herrenhaus-ahrensburg.de\/#organization","name":"Herrenhaus-Ahrensburg","url":"https:\/\/herrenhaus-ahrensburg.de\/","logo":{"@type":"ImageObject","inLanguage":"en-US","@id":"https:\/\/herrenhaus-ahrensburg.de\/#\/schema\/logo\/image\/","url":"https:\/\/herrenhaus-ahrensburg.de\/wp-content\/uploads\/2024\/09\/herrenhaus-logo-1.png","contentUrl":"https:\/\/herrenhaus-ahrensburg.de\/wp-content\/uploads\/2024\/09\/herrenhaus-logo-1.png","width":80,"height":70,"caption":"Herrenhaus-Ahrensburg"},"image":{"@id":"https:\/\/herrenhaus-ahrensburg.de\/#\/schema\/logo\/image\/"},"sameAs":["https:\/\/www.facebook.com\/herrenhausahrensburg\/photos\/?_rdr","https:\/\/www.instagram.com\/herrenhausahrensburg\/?hl=de"]}]}},"_links":{"self":[{"href":"https:\/\/herrenhaus-ahrensburg.de\/index.php?rest_route=\/wp\/v2\/pages\/74","targetHints":{"allow":["GET"]}}],"collection":[{"href":"https:\/\/herrenhaus-ahrensburg.de\/index.php?rest_route=\/wp\/v2\/pages"}],"about":[{"href":"https:\/\/herrenhaus-ahrensburg.de\/index.php?rest_route=\/wp\/v2\/types\/page"}],"author":[{"embeddable":true,"href":"https:\/\/herrenhaus-ahrensburg.de\/index.php?rest_route=\/wp\/v2\/users\/1"}],"replies":[{"embeddable":true,"href":"https:\/\/herrenhaus-ahrensburg.de\/index.php?rest_route=%2Fwp%2Fv2%2Fcomments&post=74"}],"version-history":[{"count":30,"href":"https:\/\/herrenhaus-ahrensburg.de\/index.php?rest_route=\/wp\/v2\/pages\/74\/revisions"}],"predecessor-version":[{"id":1289,"href":"https:\/\/herrenhaus-ahrensburg.de\/index.php?rest_route=\/wp\/v2\/pages\/74\/revisions\/1289"}],"wp:attachment":[{"href":"https:\/\/herrenhaus-ahrensburg.de\/index.php?rest_route=%2Fwp%2Fv2%2Fmedia&parent=74"}],"curies":[{"name":"wp","href":"https:\/\/api.w.org\/{rel}","templated":true}]}}